2 - l - 1. Give u(4).
-5
Let k(d) = -16*d**3 + d**2 + d + 1. Determine k(-1).
17
Let r(g) = -12*g - 3. What is r(-1)?
9
Let c(z) = 7*z**2 - 4*z - 3. Calculate c(3).
48
Let o(w) = -w**2 + 13*w - 20. Determine o(10).
10
Let x(f) = f**3 - 9*f**2 - 10*f + 6. Calculate x(10).
6
Let k(a) = 19*a + 4. Calculate k(2).
42
Let z(i) = i**3 + i**2 - 4*i - 4. Calculate z(-4).
-36
Let c(p) = -p**2 + 4*p + 17. Calculate c(7).
-4
Let u(z) = 5*z - 3. Calculate u(0).
-3
Let w(j) = 29*j + 9. Give w(0).
9
Let m(o) = -17*o - 2. Calculate m(-2).
32
Let g(b) = 6*b - 2. Determine g(-8).
-50
Let w(j) = 2*j**2 - 8*j + 11. Calculate w(5).
21
Let y(x) = x**3 - 7*x**2 - 2*x - 11. What is y(7)?
-25
Let p(n) = n**2 + 2*n + 5. What is p(-2)?
5
Let j(z) = -20*z + 158. What is j(8)?
-2
Let d(j) = 2*j - 28. Calculate d(20).
12
Let c(f) = -4*f - 5. Calculate c(6).
-29
Let s(f) = -126*f - 509. What is s(-4)?
-5
Let n(l) = -2*l + 76. Give n(29).
18
Let t(q) = -q**3 - 36*q**2 + 122*q + 194. Determine t(-39).
-1
Let x(u) = 10*u + 143. What is x(-15)?
-7
Let b(h) = h + 10. What is b(7)?
17
Let a(v) = 2*v**3 + 15*v**2 + 4*v - 20. What is a(-6)?
64
Let q(f) = -f**2 - 6*f + 17. What is q(-8)?
1
Let w(t) = 11*t**2 + 2*t + 6. Give w(-3).
99
Let v(d) = -3*d - 16. Give v(-7).
5
Let t(i) = 2*i + 9. What is t(-8)?
-7
Let l(r) = -r**3 - 8*r**2 + 6. Calculate l(-8).
6
Let s(g) = g**3 - 2*g + 3. Determine s(0).
3
Let c(u) = u**3 + 2*u**2 - u + 11. Calculate c(0).
11
Let p(w) = -w**2 + 8*w + 9. What is p(7)?
16
Let u(o) = -12*o + 12. Calculate u(1).
0
Let j(v) = v**3 - 2*v**2 - 1. What is j(3)?
8
Let i(l) = l**2 + 9*l + 11. What is i(-6)?
-7
Let x(c) = -19*c**2 - c + 1. Give x(1).
-19
Let h(q) = -3*q + 2. Calculate h(6).
-16
Let k(g) = -7*g - 22. Give k(0).
-22
Let f(a) = a**3 - 14*a**2 + 47*a + 12. Calculate f(8).
4
Let x(c) = -5*c + 72. Calculate x(14).
2
Let k(w) = 8*w - 22. Calculate k(3).
2
Let h(t) = t**3 - 6*t**2 - 10*t + 17. Calculate h(7).
-4
Let h(y) = -y**2 + 11*y - 1. What is h(11)?
-1
Let i(r) = 3*r - 1. Calculate i(-1).
-4
Let s(g) = -2*g**3 + 5*g**2 - g - 9. What is s(4)?
-61
Let a(u) = -u**3 - 8*u**2 + 2*u + 2. Calculate a(-4).
-70
Let z(i) = -i**2 - 17*i - 9. Calculate z(-12).
51
Let u(l) = 7*l + 7. What is u(-4)?
-21
Let i(z) = -23*z + 90. Calculate i(4).
-2
Let v(h) = h - 7. Calculate v(6).
-1
Let m(t) = -t**2 + 5*t + 13. Give m(7).
-1
Let r(u) = u**3 - 6*u**2 + 3*u + 3. Give r(4).
-17
Let d(y) = y**3 + 9*y**2 + 15. Give d(-9).
15
Let w(z) = -59*z + 1019. Determine w(17).
16
Let q(v) = -5*v + 12. Determine q(-9).
57
Let r(l) = 4*l**3 + 41*l**2 + 5*l - 50. What is r(-10)?
0
Let f(p) = 19*p + 225. Calculate f(-11).
16
Let s(t) = 3*t**2 + t - 2. Calculate s(-3).
22
Let b(h) = 3*h. Calculate b(13).
39
Let n(a) = -a**2 - 5*a. Give n(-8).
-24
Let q(r) = -r**3 + 6*r**2 + 4. What is q(5)?
29
Let t(n) = -n**3 - 7*n**2 - 9*n + 6. Calculate t(-6).
24
Let x(h) = -2*h + 36. Determine x(14).
8
Let t(k) = -k + 8. What is t(-5)?
13
Let k(c) = c**3 + 12*c**2 + 10*c - 12. Calculate k(-11).
-1
Let w(p) = -2*p**2 - 2*p - 2. Give w(0).
-2
Let p(j) = j - 2. What is p(7)?
5
Let y(p) = 7*p + 23. Calculate y(-5).
-12
Let a(c) = -c - 5. Calculate a(-8).
3
Let i(l) = l**3 - 3*l**2 - 2*l + 3. Calculate i(4).
11
Let f(t) = 3*t + 116. Determine f(-40).
-4
Let u(s) = -15*s**3 + 2*s**2 - 2*s - 2. What is u(2)?
-118
Let h(b) = b**2 - 3*b - 44. Give h(9).
10
Let a(j) = -j**3 + j**2 - 2*j + 60. Give a(0).
60
Let p(l) = l**2 - 12*l - 13. Calculate p(13).
0
Let a(z) = z**2 + 2*z + 10. Give a(0).
10
Let w(y) = 38*y - 183. What is w(6)?
45
Let z(v) = -v**3 - 10*v**2 - 10*v - 2. What is z(-9)?
7
Let b(o) = 26*o + 651. Determine b(-25).
1
Let z(f) = -f**2 - 15*f + 5. Calculate z(-15).
5
Let i(p) = p**2 + 2*p - 24. Determine i(-6).
0
Let o(h) = -h - 5. Determine o(-5).
0
Let v(g) = 2*g - 5. Determine v(-8).
-21
Let g(w) = 8*w**2 - 1. Determine g(-2).
31
Let c(y) = y - 3. Give c(4).
1
Let r(s) = s**2 - 11*s + 1. Determine r(10).
-9
Let m(f) = 5*f - 7. Calculate m(-16).
-87
Let q(p) = p**3 + 14*p**2 + p + 15. Calculate q(-14).
1
Let u(w) = -3*w - 80. What is u(-24)?
-8
Let h(a) = -a**3 - 6*a**2 + a - 9. Calculate h(-7).
33
Let h(i) = -i**2 + 177*i - 1351. Determine h(8).
1
Let m(g) = g**2 - 67*g + 663. Determine m(55).
3
Let c(w) = w**3 - 3*w**2 + 7*w - 13. Give c(3).
8
Let y(x) = -3*x**2 - 7*x + 4. Give y(-5).
-36
Let w(o) = -o**2 - 27*o - 175. What is w(-13)?
7
Let d(x) = -3*x**2 + 7*x - 6. Calculate d(1).
-2
Let i(d) = 20*d - 89. What is i(6)?
31
Let m(l) = -l**2 - 11*l - 5. Determine m(-7).
23
Let z(x) = -x - 5. Determine z(-5).
0
Let q(f) = f**3 + 10*f**2 - 5*f - 2. Give q(-10).
48
Let g(h) = 66*h + 519. Give g(-8).
-9
Let y(t) = 12*t - 6. What is y(0)?
-6
Let n(a) = -2*a**3 + 4*a**2 - 4*a + 33. Calculate n(4).
-47
Let m(i) = -3*i - 64. Calculate m(-22).
2
Let n(a) = 2*a**2 + 29*a + 7. Determine n(-14).
-7
Let p(n) = 7*n**2 + 2*n + 3. What is p(-1)?
8
Let r(u) = -3*u - 2. Calculate r(-1).
1
Let i(o) = -11*o**2 - 3*o - 1. What is i(-1)?
-9
Let v(o) = 2*o - 22. Determine v(7).
-8
Let d(n) = -n**3 - 6*n**2 + 10*n + 13. Give d(-7).
-8
Let b(u) = u**2 + 6*u - 65. Determine b(-12).
7
Let k(r) = r**3 - 4*r**2 + 8*r - 18. Determine k(3).
-3
Let l(i) = -19*i**2 + 1. Give l(-1).
-18
Let l(j) = j - 26. Give l(18).
-8
Let l(h) = h**2 + 11*h - 27. Calculate l(-13).
-1
Let m(r) = 2*r**3 + 9*r**2 + 5*r + 2. What is m(-4)?
-2
Let k(z) = -3*z**2 - z - 43. Give k(0).
-43
Let g(p) = p**2 + 4*p - 1. Calculate g(-5).
4
Let q(c) = 6*c + 29. Determine q(-12).
-43
Let i(t) = t**2 - 11*t + 7. Determine i(8).
-17
Let w(r) = r**2 + 8*r - 5. Calculate w(-6).
-17
Let p(l) = -36*l**3 + 2*l - 2. Calculate p(1).
-36
Let a(t) = -t**3 - 5*t**2 - 2*t - 7. What is a(-4)?
-15
Let i(h) = h + 3. Give i(-11).
-8
Let m(k) = 3*k + 7. What is m(-6)?
-11
Let p(s) = s**3 + 29*s**2 + 76*s - 52. Determine p(-26).
0
Let b(u) = 22*u + 189. Determine b(-8).
13
Let t(l) = -l**3 - 12*l**2 + 15*l + 22. What is t(-13)?
-4
Let w(t) = t**3 - 28*t**2 - 59*t - 28. Calculate w(30).
2
Let a(p) = -9*p**2 - p - 1. Calculate a(-1).
-9
Let y(s) = 3*s**2 + 31*s + 29. Give y(-6).
-49
Let d(g) = -g**3 + 5*g**2 + 4*g - 4. Calculate d(5).
16
Let c(q) = q**3 + 15*q**2 + 27*q + 3. Give c(-13).
-10
Let o(w) = w**2 - 11*w + 25. What is o(8)?
1
Let v(a) = a**3 + 3*a**2 + 6*a + 8. Give v(-4).
-32
Let f(v) = v**2 - 1. Give f(-1).
0
Let k(u) = -u**2 - 3*u + 22. Determine k(0).
22
Let z(d) = -2*d - 14. Determine z(0).
-14
Let p(c) = -c + 6. What is p(5)?
1
Let t(q) = -q**2 - 6*q + 13. Calculate t(-8).
-3
Let d(x) = -x**2 + 6*x + 17. Determine d(8).
1
Let l(f) = -f**3 - 14*f**2 + 13*f - 40. Determine l(-15).
-10
Let j(r) = -r**2 - 3*r + 6. Determine j(7).
-64
Let c(u) = u**2 - 8*u + 5. What is c(6)?
-7
Let z(a) = -a**3 - 9*a**2 - 2*a - 8. Calculate z(-9).
10
Let d(b) = -b**2 + 6*b. Give d(11).
-55
Let m(p) = p**3 - 8*p**2 + 2*p + 2. Give m(8).
18
Let w(d) = -d + 5. Calculate w(5).
0
Let t(y) = -y**3 - 4*y**2 - y - 12. Calculate t(-4).
-8
Let a(q) = q**2 + 6*q + 13. Give a(-10).
53
Let f(d) = -3*d + 6. Calculate f(4).
-6
Let k(z) = z**3 + 4*z**2 + 3*z + 3. Determine k(-4).
-9
Let u(v) = 2*v**2 - 3*v - 2. Determine u(4).
18
Let h(b) = b**3 - 21*b**2 + 19*b + 27. Give h(20).
7
Let j(d) = d**2 - d + 10. Calculate j(-8).
82
Let r(d) = -3*d**2 + 4*d - 2. Give r(2).
-6
Let n(r) = 6*r - 8. What is n(-7)?
-50
Let n(b) = -2*b + 17. Calculate n(-4).
25
Let s(a) = -a**3 + 7*a**2 + 5*a + 3. Determine s(8).
-21
Let y(o) = o**3 + 16*o**2 + 23*o - 33. Calculate y(-14).
37
Let v(i) = 7*i - 15. Give v(-5).
-50
Let r(v) = -v**3 - 10*v**2 - 3*v - 22. Calculate r(-10).
8
Let n(l) = -l**3 - 15*l**2 - 6. Determine n(-15).
-6
Let v(f) = 4*f**2 - 63*f + 51. What is v(15)?
6
Let m(v) = -24*v + 59. Determine m(4).
-37
Let h(d) = -6*d + 122. Give h(19).
8
Let w(n) = -2*n**3 - 5*n**2 - 7*n - 11. What is w(-3)?
19
Let w(u) = -u**2 - 34*u - 4. Give w(-34).
-4
Let a(l) = -l - 14. Calculate a(-15).
1
Let h(s) = 2*s**2 - s. Give h(1).
1
Let v(q) = 8*q**2 + 73*q + 1. Determine v(-9).
-8
Let c(b) = 14*b + 7. Determine c(-3).
-35
Let x(y) = y**3 + 12*y**2 - 14*y - 19. What is x(-13)?
-6
Let p(c) = -c**3 + 9*c**2 - 13*c - 13. Determine p(7).
-6
Let n(l) = -l**2 + 38*l + 76. Give n(40).
-4
Let s(w) = w + 10. What is s(0)?
10
Le